)/(-8)*4)/((-1)/(-282)).
3, 47
Suppose -h - 2*h = -90. Suppose 2*g - 4*s - h = 0, 5*s + 20 = -g - 0*s. List the prime factors of g.
5
Let q = 8 - 4. Suppose -22 = -q*u + 2*g, u + 2*g + g + 12 = 0. What are the prime factors of u?
3
Let o = -31 - -43. Let d(x) = -x + 8. Let u be d(4). Suppose o = u*m - 4. List the prime factors of m.
2
Suppose -q = 4*q - 125. What are the prime factors of q?
5
Suppose 2*g = 7*g. Let t(l) = -l**2 + 13. List the prime factors of t(g).
13
Suppose -5*m + 2*b = 3*b + 4, -5*b = -5*m - 10. List the prime factors of (-1 - m/1) + 2.
2
Suppose -2*f - 8 - 2 = 0. Let t = 8 + f. Let a = 5 + t. List the prime factors of a.
2
Let a(o) = 8*o**2 - 2*o + 3. Let i be a(4). Let m = i - 74. Suppose 4*q - 37 = -l, m = -2*q + 5*q + 5*l. What are the prime factors of q?
2
Let x be (-5)/1*(-2 + 1). Let c = x + -7. List the prime factors of ((-1)/c)/((-3)/(-66)).
11
Suppose 2*q - 2*y = 66, -2*q + 3*y + 66 = -0*y. Suppose 0 = 3*v - 3 - q. Let c = v + 1. What are the prime factors of c?
13
Let x(h) = -h + 7. Let a be x(3). Suppose 0*i = -i + 2*q, i - 3*q + a = 0. What are the prime factors of i?
2
Let x = 9 - 11. Let o = x + 5. List the prime factors of o.
3
Suppose 0*z + 2*t - 62 = -2*z, -3*z = -t - 97. List the prime factors of z.
2
Let t(l) = l**2 - 6*l + 2. Let x be t(6). Suppose -x*y + 35 = 5. Suppose -y = -4*h + 1. List the prime factors of h.
2
Let b = 18 - -9. List the prime factors of b.
3
Let z(i) = -i**3 - 4*i**2 - 3*i. Let x be z(-3). Suppose x*q + 32 = 2*q. Suppose -4*b + 3*b = -q. What are the prime factors of b?
2
List the prime factors of (26 - 146)*-1*2*1.
2, 3, 5
Let q(m) = -38*m**3 + 7*m**2 - 6. Let f(u) = -37*u**3 + 6*u**2 - 5. Let x(j) = 6*f(j) - 5*q(j). Let a be x(1). Let p = -21 - a. List the prime factors of p.
2, 5
Suppose -3*b - 4*t + 44 = 0, 2*t - 45 + 19 = -2*b. Let c = 1 + b. List the prime factors of c.
3
List the prime factors of 9/1*(-80)/(-12).
2, 3, 5
Let r = 185 + -105. Let l = r - 54. Let g = 36 - l. What are the prime factors of g?
2, 5
Let v(f) = 59*f + 2. List the prime factors of v(1).
61
Suppose -7*c + 254 = -166. What are the prime factors of c?
2, 3, 5
Let i(u) = 4*u**2 - 4*u + 4. What are the prime factors of i(3)?
2, 7
List the prime factors of -15*(-137)/18 + 1/(-6).
2, 3, 19
Let o(l) = -l**3 + 7*l**2 + 6. List the prime factors of o(5).
2, 7
Let b(a) = 4*a**3 - 3*a**3 + 9*a**2 - 3*a**2 + 4*a - 2. List the prime factors of b(-4).
2, 7
Let u be -2*25/10 - -4. Let i = 12 - 3. Let v = i + u. List the prime factors of v.
2
Let h = 2 + -37. Let r = h + 64. What are the prime factors of r?
29
Let o = -7 - -11. Suppose o*n - 27 = -3. List the prime factors of n.
2, 3
Let y = -11 - -18. Let i(z) = -z**3 + 8*z**2 - 5*z - 10. Let w be i(y). Suppose 4*b - 41 = -3*g - 2, w*g = -2*b + 12. List the prime factors of b.
2, 3
Suppose 2*o = k + 26, 5*o = k + 47 + 18. Suppose -q - o = 5*t, 5*t = 4*q - 0*t - 23. List the prime factors of q.
2
Suppose -5*n - 20 = 0, a = -3*n + n - 13. Let l(j) = -4*j - 2. List the prime factors of l(a).
2, 3
List the prime factors of (-3 - 15/(-3))*40.
2, 5
Suppose -5*f = -4*f - 11. What are the prime factors of f?
11
Suppose 3*n = -4*v + 857, -881 = -3*n + 2*v - 0*v. List the prime factors of n.
3, 97
Let u = -28 + 28. Suppose -4*n + 5*n - 53 = u. List the prime factors of n.
53
Let u be 14 + (-7)/(21/(-9)). Suppose -3*a + u = -22. List the prime factors of a.
13
Let i(q) = 4*q + 4. Let v be i(-4). Let h = v - -56. List the prime factors of h.
2, 11
Let y(i) = i**3 + i**2 + 3*i + 265. What are the prime factors of y(0)?
5, 53
Let x = -8 - -8. Suppose 3*p - 29 + 5 = x. What are the prime factors of p?
2
Suppose 7*y - 2*y - 24 = 3*j, j = 5*y - 18. Suppose -a - 6 = 4*a - 2*x, 5*a + 3 = x. Suppose n = -a*n + y. List the prime factors of n.
3
Suppose -3*w - 4*c = -312, 312 = 3*w + c - 0*c. List the prime factors of w.
2, 13
Let a be ((-4)/(-12))/(2/102). Suppose a = 3*f + 2. What are the prime factors of f?
5
Let q(a) be the third derivative of a**5/60 - a**4/24 - 7*a**2. Suppose j - 6 = 2*u - 3*j, 3*u = -2*j + 23. What are the prime factors of q(u)?
2, 5
Suppose 0 = -13*i + 689 - 156. What are the prime factors of i?
41
Suppose 3*x - 7 = -g + 31, -48 = -2*x + 5*g. Let f = 20 - x. Let h(u) = 4*u - 9. List the prime factors of h(f).
3, 5
Suppose 2*o = 5*w + 67 + 190, -3*o + w = -418. Suppose -o = -5*j - 0*j - 2*v, 4*j - 112 = -2*v. What are the prime factors of j?
29
Suppose 4*z = 3*z + 2. Let u(x) = z*x - 3*x + 2*x. What are the prime factors of u(3)?
3
What are the prime factors of (3/4)/(13/2340)?
3, 5
Suppose -2*v = -4*w - 58, -5*v - 23 = -0*w + 2*w. Suppose 5*b - 4*p = 128, 0 = 4*b + 3*p - 47 - 43. What are the prime factors of (b/w)/(4/(-14))?
2, 3
Suppose -77 = -2*c + 3*a - 0*a, -c + 2*a = -36. What are the prime factors of c?
2, 23
Let i = 7 - 3. Let c(j) = j**3 - 2*j**2 - 3*j + 4. List the prime factors of c(i).
2, 3
Let t = 12 + -2. Let d = t - 2. What are the prime factors of d?
2
Let z(c) be the third derivative of 1/60*c**5 + 0*c - 7/6*c**3 - 2*c**2 - 1/3*c**4 + 0. What are the prime factors of z(10)?
13
Let o(n) = -n**2 - 10*n - 1. Let z be o(-9). List the prime factors of (68/z)/((-1)/(-2)).
17
Let r(k) = -4*k - 10. Let l(p) = -p**2 - p - 2. Let t be l(-3). What are the prime factors of r(t)?
2, 11
Let b = -78 + 215. List the prime factors of b.
137
Let i = -43 + 84. List the prime factors of i.
41
Suppose 0 = -2*g + 10*g - 912. List the prime factors of g.
2, 3, 19
List the prime factors of 22407/84 - (-2)/8.
3, 89
What are the prime factors of (23/2)/(2/12)?
3, 23
Let o = 5 - 8. Let x = o - -8. Suppose -4*l = 5*v - 65, -5*v - x*l - 17 = -82. What are the prime factors of v?
13
What are the prime factors of -4 + (78 - 4/1)?
2, 5, 7
List the prime factors of ((-918)/(-85))/(2/10).
2, 3
Suppose -3*s + 2*s - 4 = 0, 3*s = 3*z - 294. What are the prime factors of z?
2, 47
Let c be (189/(-6))/((-6)/8). Suppose i = -2*i + c. Let w = i - -5. What are the prime factors of w?
19
List the prime factors of 2 - 2 - 84/(-3).
2, 7
Suppose t - 62 + 10 = -4*i, 3*t = 2*i - 12. Suppose -3*w - i = -p, 3*w = p - w - 12. What are the prime factors of p?
2, 3
Let t(z) = 10*z**2 + 4*z. Let o be t(-3). Suppose -o = 11*q - 14*q. What are the prime factors of q?
2, 13
Suppose 0*i = -4*i + 448. Let w = 222 - i. Suppose m - 6*m + w = 0. List the prime factors of m.
2, 11
Let i(x) = x**2 + 9*x + 8. Let j be i(-6). Let a(l) = l**2 + 9*l - 2. Let r be a(j). Let q(y) = y**3 - 7*y**2 - 5*y - 3. What are the prime factors of q(r)?
3, 7
Let t(w) = 34*w + 5. What are the prime factors of t(3)?
107
Let l(m) = m + 7. Let r be l(-4). Let i(k) = 2*k**3 - k**2 + 2*k - 3. Let p be i(r). Suppose -n = 3*n - p. What are the prime factors of n?
2, 3
Let s(a) = a**3 - 8*a**2 + 6*a + 10. Let r be s(7). Suppose -h = r*h. Let x = h - -6. What are the prime factors of x?
2, 3
Let z(c) = 4*c + 2. What are the prime factors of z(4)?
2, 3
Let m = -8 - 1. Let u(z) = -z - 2. Let f be u(m). Let v(c) = c**2 - 6*c - 5. What are the prime factors of v(f)?
2
Let t(u) = -u**3 - 9*u**2 + 1. Let d be t(-9). What are the prime factors of d/(28/26 - 1)?
13
Let v(f) = f - 17. Let n be v(11). What are the prime factors of (-34)/n - 2/(-6)?
2, 3
Suppose -4*p - 4 + 24 = 0, -p = -5*r + 480. What are the prime factors of r?
97
Suppose 3*x = -2*y + 2, -12 = -y - 2*y. Let h be (-2 - -5)*1 - x. Suppose 4*s - h*v + 9 = -8, -4*s + 4*v - 12 = 0. List the prime factors of s.
2
Let t(z) = z**2 + 3*z - 5. List the prime factors of t(6).
7
Suppose 0 = -5*z - 5*a + 595, -3*z - 5*a + 207 = -156. What are the prime factors of z?
2, 29
Let v(q) = -2*q - 9. Let b = 8 - 14. Let m be v(b). Suppose m*t = 7 + 14. List the prime factors of t.
7
Let o(y) = -y**2 - 3*y + 10. Let l be o(-7). Let m = l + 29. List the prime factors of m.
11
Suppose w = -14 + 1. Let t = w - -20. Let n = t - 1. What are the prime factors of n?
2, 3
Let l = 137 - 66. List the prime factors of l.
71
List the prime factors of (-6)/8 + (-111)/(-4).
3
Let u = 15 + -10. Suppose -3*v + u + 4 = 0. List the prime factors of v.
3
Let u(h) = -h + 16. What are the prime factors of u(6)?
2, 5
Let r be (4/6)/((-2)/6). What are the prime factors of 4 + r*(-3)/6?
5
Let y be 7 + 1/(1/(-3)). Let h